{"id":27,"date":"2021-08-14T20:22:15","date_gmt":"2021-08-14T23:22:15","guid":{"rendered":"https:\/\/sieg.org.br\/?page_id=27"},"modified":"2022-02-15T17:45:22","modified_gmt":"2022-02-15T20:45:22","slug":"juridico","status":"publish","type":"page","link":"https:\/\/sieg.org.br\/index.php\/juridico\/","title":{"rendered":"Jur\u00eddico"},"content":{"rendered":"\t\t<div data-elementor-type=\"wp-page\" data-elementor-id=\"27\" class=\"elementor elementor-27\" data-elementor-settings=\"[]\">\n\t\t\t\t\t\t\t<div class=\"elementor-section-wrap\">\n\t\t\t\t\t\t\t<section class=\"elementor-section elementor-top-section elementor-element elementor-element-18a47e3f elementor-section-height-min-height elementor-section-boxed elementor-section-height-default elementor-section-items-middle\" data-id=\"18a47e3f\" data-element_type=\"section\" data-settings=\"{&quot;background_background&quot;:&quot;classic&quot;}\">\n\t\t\t\t\t\t<div class=\"elementor-container elementor-column-gap-default\">\n\t\t\t\t\t<div class=\"elementor-column elementor-col-100 elementor-top-column elementor-element elementor-element-7e3f76c1\" data-id=\"7e3f76c1\" data-element_type=\"column\">\n\t\t\t<div class=\"elementor-widget-wrap elementor-element-populated\">\n\t\t\t\t\t\t\t\t\t<\/div>\n\t\t<\/div>\n\t\t\t\t\t\t\t<\/div>\n\t\t<\/section>\n\t\t\t\t<section class=\"elementor-section elementor-top-section elementor-element elementor-element-cb325c7 elementor-section-boxed elementor-section-height-default elementor-section-height-default\" data-id=\"cb325c7\" data-element_type=\"section\">\n\t\t\t\t\t\t<div class=\"elementor-container elementor-column-gap-default\">\n\t\t\t\t\t<div class=\"elementor-column elementor-col-100 elementor-top-column elementor-element elementor-element-c9649b5\" data-id=\"c9649b5\" data-element_type=\"column\">\n\t\t\t<div class=\"elementor-widget-wrap elementor-element-populated\">\n\t\t\t\t\t\t\t\t<div class=\"elementor-element elementor-element-de14f1c elementor-widget elementor-widget-text-editor\" data-id=\"de14f1c\" data-element_type=\"widget\" data-widget_type=\"text-editor.default\">\n\t\t\t\t<div class=\"elementor-widget-container\">\n\t\t\t\t\t\t\t\t<p><em>O Sieg disponibiliza uma assessoria jur\u00eddica especializada e gratuita para atender as necessidades de seu filiado. Estamos \u00e0 disposi\u00e7\u00e3o para realizar consultas e ingressar com o seu processo, se for o caso.<\/em><\/p><p><em>Para solicitar atendimento, entre em contato pelo telefone <a href=\"https:\/\/www.google.com\/search?q=sieg+enfermeiros&amp;oq=sieg+enfermeir&amp;aqs=chrome.0.69i59j69i57.1927j0j7&amp;sourceid=chrome&amp;ie=UTF-8\">(62) 3224-5114<\/a> ou envie e-mail para siegweb@gmail.com.<\/em><\/p>\t\t\t\t\t\t<\/div>\n\t\t\t\t<\/div>\n\t\t\t\t\t<\/div>\n\t\t<\/div>\n\t\t\t\t\t\t\t<\/div>\n\t\t<\/section>\n\t\t\t\t<section class=\"elementor-section elementor-top-section elementor-element elementor-element-9609836 elementor-section-content-middle elementor-section-boxed elementor-section-height-default elementor-section-height-default\" data-id=\"9609836\" data-element_type=\"section\">\n\t\t\t\t\t\t<div class=\"elementor-container elementor-column-gap-no\">\n\t\t\t\t\t<div class=\"elementor-column elementor-col-100 elementor-top-column elementor-element elementor-element-2dd09c9\" data-id=\"2dd09c9\" data-element_type=\"column\">\n\t\t\t<div class=\"elementor-widget-wrap elementor-element-populated\">\n\t\t\t\t\t\t\t\t<div class=\"elementor-element elementor-element-5c9effc elementor-widget elementor-widget-toggle\" data-id=\"5c9effc\" data-element_type=\"widget\" data-widget_type=\"toggle.default\">\n\t\t\t\t<div class=\"elementor-widget-container\">\n\t\t\t\t\t<div class=\"elementor-toggle\" role=\"tablist\">\n\t\t\t\t\t\t\t<div class=\"elementor-toggle-item\">\n\t\t\t\t\t<div id=\"elementor-tab-title-9711\" class=\"elementor-tab-title\" data-tab=\"1\" role=\"tab\" aria-controls=\"elementor-tab-content-9711\" aria-expanded=\"false\">\n\t\t\t\t\t\t\t\t\t\t\t\t<span class=\"elementor-toggle-icon elementor-toggle-icon-left\" aria-hidden=\"true\">\n\t\t\t\t\t\t\t\t\t\t\t\t\t\t\t<span class=\"elementor-toggle-icon-closed\"><i class=\"fas fa-caret-right\"><\/i><\/span>\n\t\t\t\t\t\t\t\t<span class=\"elementor-toggle-icon-opened\"><i class=\"elementor-toggle-icon-opened fas fa-caret-up\"><\/i><\/span>\n\t\t\t\t\t\t\t\t\t\t\t\t\t<\/span>\n\t\t\t\t\t\t\t\t\t\t\t\t<a href=\"\" class=\"elementor-toggle-title\">Documentos necess\u00e1rios para Homologa\u00e7\u00e3o de Rescis\u00e3o de Contrato de Trabalho <\/a>\n\t\t\t\t\t<\/div>\n\t\t\t\t\t<div id=\"elementor-tab-content-9711\" class=\"elementor-tab-content elementor-clearfix\" data-tab=\"1\" role=\"tabpanel\" aria-labelledby=\"elementor-tab-title-9711\"><p><a href=\"https:\/\/sieg.org.br\/wp-content\/uploads\/2022\/02\/Homologacao-de-Rescisao-de-Contrato-de-Trabalho-SEM-Justa-Causa.pdf\">Homologa\u00e7\u00e3o de Rescis\u00e3o de Contrato de Trabalho SEM Justa Causa<\/a><\/p><p><a href=\"https:\/\/sieg.org.br\/wp-content\/uploads\/2022\/02\/Homologacao-de-Rescisao-de-Contrato-de-Trabalho-POR-Justa-Causa.pdf\">Homologa\u00e7\u00e3o de Rescis\u00e3o de Contrato de Trabalho POR Justa Causa<\/a><\/p><\/div>\n\t\t\t\t<\/div>\n\t\t\t\t\t\t\t\t<\/div>\n\t\t\t\t<\/div>\n\t\t\t\t<\/div>\n\t\t\t\t\t<\/div>\n\t\t<\/div>\n\t\t\t\t\t\t\t<\/div>\n\t\t<\/section>\n\t\t\t\t\t\t<\/div>\n\t\t\t\t\t<\/div>\n\t\t","protected":false},"excerpt":{"rendered":"<p>O Sieg disponibiliza uma assessoria jur\u00eddica especializada e gratuita para atender as necessidades de seu filiado. Estamos \u00e0 disposi\u00e7\u00e3o para realizar consultas e ingressar com o seu processo, se for o caso. Para solicitar atendimento, entre em contato pelo telefone (62) 3224-5114 ou envie e-mail para siegweb@gmail.com. Documentos necess\u00e1rios para Homologa\u00e7\u00e3o de Rescis\u00e3o de Contrato [&hellip;]<\/p>\n","protected":false},"author":1,"featured_media":0,"parent":0,"menu_order":0,"comment_status":"closed","ping_status":"closed","template":"elementor_header_footer","meta":{"_mi_skip_tracking":false,"footnotes":""},"aioseo_notices":[],"_links":{"self":[{"href":"https:\/\/sieg.org.br\/index.php\/wp-json\/wp\/v2\/pages\/27"}],"collection":[{"href":"https:\/\/sieg.org.br\/index.php\/wp-json\/wp\/v2\/pages"}],"about":[{"href":"https:\/\/sieg.org.br\/index.php\/wp-json\/wp\/v2\/types\/page"}],"author":[{"embeddable":true,"href":"https:\/\/sieg.org.br\/index.php\/wp-json\/wp\/v2\/users\/1"}],"replies":[{"embeddable":true,"href":"https:\/\/sieg.org.br\/index.php\/wp-json\/wp\/v2\/comments?post=27"}],"version-history":[{"count":10,"href":"https:\/\/sieg.org.br\/index.php\/wp-json\/wp\/v2\/pages\/27\/revisions"}],"predecessor-version":[{"id":254,"href":"https:\/\/sieg.org.br\/index.php\/wp-json\/wp\/v2\/pages\/27\/revisions\/254"}],"wp:attachment":[{"href":"https:\/\/sieg.org.br\/index.php\/wp-json\/wp\/v2\/media?parent=27"}],"curies":[{"name":"wp","href":"https:\/\/api.w.org\/{rel}","templated":true}]}}